digit of b?
3
Let s = -15395 + 35859. What is the units digit of s?
4
Suppose -25*y + 4*y + 1038156 = 0. Suppose -35*j = -j - y. What is the thousands digit of j?
1
Suppose 4*s + 2428 = -0*j + 2*j, j + 1831 = -3*s. Suppose 1278 = -12*x + 9*x. Let q = x - s. What is the units digit of q?
3
Let z(h) = -h**3 + 3*h**2 + 20*h - 8. Let t be z(6). Suppose 0 = -v + 3*r + 29, t*v = 7*v - 4*r - 77. What is the tens digit of v?
2
Let o(g) be the first derivative of g**3 + 7*g**2/2 + g - 11. Let b be 1 + -3 + -4*(4 + -3). What is the tens digit of o(b)?
6
Let n(a) = -16*a + 82. Let j be n(5). What is the units digit of (-3)/((j/(-928))/(1/6))?
2
Let j(k) = 115*k**2 - 12*k + 13. Let m be j(1). Suppose -8*t + m + 116 = 0. What is the tens digit of t?
2
Let v(m) = 2*m - 5. Let p be v(5). Let l(s) = -5*s**2 - 2*s + 10. Let a be l(p). What is the units digit of a/30*-51 - 3/6?
2
Suppose 6*x = 2*r + 28690, 2*x + 2*r - 2163 - 7403 = 0. What is the tens digit of x?
8
Let v = 1583 - 567. Suppose -27*x + 18613 = -v. What is the units digit of x?
7
Let a(u) = -15*u**2 + 8*u + 2. Let m be a(6). Suppose 5*l + 26 = -4*s, l + 36*s - 2 = 37*s. What is the hundreds digit of (-90)/18 + m/l?
2
Let w(y) = -16*y**2 + 5*y - 34. Let v(k) = k**2 - k + 5. Let g(c) = -6*v(c) - w(c). Let h be 1*3 + 2 + -1. What is the units digit of g(h)?
8
Suppose 2*c - 5*u - 45 = 0, 5*u = 4*c - 0*u - 95. Suppose -19 = -k + 4*n, -k - 5*n = k - c. What is the units digit of (-8)/40 - (-2883)/k?
2
Let v(z) = -z**3 - 18*z**2 - 18*z - 17. Let d be v(-17). Suppose d = -4*x + 6*x - 10. Suppose k = x*i + 31, -3*i = -4*k - 6*i + 32. What is the tens digit of k?
1
Let d be (20 - 15)/(-1 + 2). Suppose -2376 = -d*n - 3*n. What is the units digit of n?
7
Let m = 6486 - 3943. What is the hundreds digit of m?
5
Let v = 5414 - -6134. What is the units digit of v?
8
Suppose 9*q = -28 + 55. Suppose 0 = 3*h - z + 4*z - 84, h - q*z = 40. What is the units digit of h?
1
Suppose -n = 4*n + 2*y - 15363, -4 = -y. What is the hundreds digit of n?
0
Let j(n) = -10*n**2 - n**3 - 5 - 1 + 14*n + n**2 - 5*n**2. Let l be j(-15). Suppose -5*d + 15 = -2*i, 2*i - 24 + l = -d. What is the units digit of d?
5
Let j = 149 + -62. Suppose -45 + 13 = -2*f - 3*r, j = 5*f + 4*r. Suppose -m - f = -2*m. What is the units digit of m?
9
Let l = 12853 + 790. What is the units digit of l?
3
What is the thousands digit of (3 - (5 - 10))/((-9)/(42858/(-4)))?
9
Suppose -x - k + 811 = 0, -4*x + 916 + 2332 = 5*k. Let o(c) = 10*c - 200. Let n be o(20). Suppose -5*a + 8*a - x = n. What is the tens digit of a?
6
Suppose 0 = 4*c + 16, 15*s = 19*s - 4*c - 8. What is the hundreds digit of (-5)/10*2 + (s - -108)?
1
Suppose 22473 + 13729 + 121122 = 37*j. What is the tens digit of j?
5
Let j be -4 - (-7 - (6 + -3)). Suppose -2*l + 535 = 3*z - j*l, 0 = z - 5*l - 182. What is the units digit of z?
7
Let n(l) = l**3 + 6*l**2 + 9*l + 4. Let v be n(-2). Suppose -5*s + 0*x + 2196 = -3*x, 4*s = 4*x + 1760. Suppose -s = -4*h - v*h. What is the tens digit of h?
7
Let j(u) = 2*u**2 - 3*u + 91. Let k(n) = -n**2 + 2*n - 91. Let f(p) = 4*j(p) + 5*k(p). Let v be f(0). Let l = v - -270. What is the hundreds digit of l?
1
Let i be (-9)/6*2/3*-11. Let p(a) = -5 + 21 - 35 - 58 - i*a. What is the tens digit of p(-25)?
9
Let o = 41733 - 66786. What is the hundreds digit of (-4)/6 - o/63?
3
Suppose -4*l + 54801 + 2245 = 2*h, 3*h = -l + 14259. What is the tens digit of l?
6
Let s(h) = h**3 + 5*h**2 - 4*h + 4. Let v(i) = -2*i**2 + 11*i + 2. Suppose -1 = y + 2*o - 7, 4*y + 5*o - 24 = 0. Let a be v(y). What is the tens digit of s(a)?
3
Let p = -3 - -4. Suppose 14*y - 19*y + 3*x = 195, -5*y = -5*x + 195. What is the hundreds digit of (-20 + 16)*((y - -1) + p)?
1
Suppose -2*f = -5*f - 2*y + 83, f - 4*y - 37 = 0. Suppose -h + 2*h = -5*j + 20, 4*h + 3*j = f. Suppose -14*a = -h*a - 1395. What is the hundreds digit of a?
1
Let r be 4/(-32) + 3/24. Suppose r*d + 3*d - 2*v = 18, 5*v + 6 = d. Let p(q) = 14*q - 14. What is the units digit of p(d)?
0
Let k(i) = 18*i**2 - 3*i + 2. Let w be k(-5). Suppose -4*y + 20 = 0, 0 = 6*h - 7*h - 4*y - 273. Let l = w + h. What is the units digit of l?
4
Let z(t) = -t**2 - 21*t + 7. Let o be z(-18). Let g = 359 + o. What is the units digit of g?
0
Let k be 0 - -3*2/3. Let n(m) = -3 + 8*m**2 - 3*m**k + 10*m**3 + m - 5*m**2. What is the units digit of n(2)?
9
Let w(p) = 4*p**3 + 11*p**2 + 6*p - 7. Let f be w(5). Suppose 2*v - f = -12*v. What is the units digit of v?
7
Suppose 10*j - 3025 = 15*j. Let p = 887 + j. What is the units digit of p?
2
Let u(f) = -70*f**2 - 2. Let y be u(-4). Let t = 1643 + y. What is the tens digit of t?
2
Let s be (-7)/(-1)*24/(-28)*1. What is the thousands digit of 1551/(-7 + 2 - s)?
1
Suppose -13*i + 3429 = -8*i - 4*d, 2050 = 3*i + 5*d. Suppose 2*p - 720 = -2*u, 2*u = 4*p + p + i. What is the tens digit of u?
5
Suppose -2*w - 67802 = -l, 5*l = -w + 325584 + 13448. What is the tens digit of l?
0
Let w be ((-96)/14 + 6)*-14. Let n(m) = m**3 - 5*m**2 - 10*m + 15. What is the hundreds digit of n(w)?
9
Let j(w) = 41*w + 6 - 4 - 8*w + 1. Let v be j(1). Suppose c - 4*c + v = 0. What is the tens digit of c?
1
Let z(l) = 128*l**2 - 18*l + 6. What is the units digit of z(-5)?
6
Suppose -k + 5*h = -12829, -2*k + 5*h - 12457 + 38110 = 0. What is the hundreds digit of k?
8
Let n be 7/(245/(-85)) + (-6)/(-14). Let f(j) = -135*j + 6. What is the hundreds digit of f(n)?
2
Let g(j) = 73*j - 91. Let u(m) = -73*m + 90. Let c(s) = 6*g(s) + 5*u(s). What is the tens digit of c(8)?
8
Let j(v) = 3 + 14*v**3 + 8*v**3 + 4*v**2 + 4*v - 24*v**3. Let d be j(4). Let t = d - -49. What is the units digit of t?
4
Let w = 4267 + -1821. What is the hundreds digit of w?
4
Suppose -271*z + 2850 = -269*z. What is the units digit of z?
5
Suppose 891 = -6*m + 9*m. Let k = m + -210. What is the tens digit of k/(5*3/15)?
8
Let a be 2 + (0 + 0)/(1 - -1). Suppose -4*d - 324 = -4*c, -a*d = -3*d. Suppose -3*b + 2*b + 3*z + c = 0, -283 = -3*b + z. What is the units digit of b?
6
Suppose 18*w - 19*w + 27 = 0. Let n(m) = -m**3 + 28*m**2 - 15*m - 30. What is the units digit of n(w)?
4
Let a = 7418 + 112. What is the thousands digit of a?
7
Let c(t) = -33*t + 5. Let r be 1 + (4 - -2) + 1. Suppose 5*l = -7 - r. What is the tens digit of c(l)?
0
Let s = 31523 + -16288. What is the units digit of s?
5
Let z(c) = -995*c - 2982. What is the units digit of z(-25)?
3
Suppose -3*d = 4*g + d, 0 = 5*d. Suppose 2*n - 5*a = 23, g*n + 3*a + 1 = -2*n. Suppose 3*l + r - 284 = 0, -n*r = -4*l - 7*r + 382. What is the units digit of l?
4
Let o = 66618 + -37609. What is the hundreds digit of o?
0
Suppose -3*g + 59844 = 2*c - 4*g, 4*c - 3*g = 119688. Suppose -16*d - 9826 = -c. What is the tens digit of d?
5
Suppose 807 = 4*r - 517. Suppose -r - 29 = 2*f. What is the tens digit of f/(-8)*(1 - -1)?
4
Let k(g) = 6147*g - 1896. What is the ten thousands digit of k(6)?
3
What is the hundreds digit of ((-14)/(-66) + 360/(-660))/(1/(-4701))?
5
Let n be (-648)/(-288)*-1*12/(-9). Let b = 185 - 95. Let s = n + b. What is the units digit of s?
3
Let p be (-3 + 2)*(10 - 4 - -399). Let z = p - -888. What is the units digit of z?
3
What is the hundreds digit of (((-18600)/90)/(1/5))/(12/(-234))?
1
Let z = -579 + 707. Suppose 125*u = z*u - 4989. What is the hundreds digit of u?
6
What is the thousands digit of -955*((-12)/10)/((-258)/(-688))?
3
Let c be (-4 + 6)*1769 - -2. Suppose 3*p + c = 15*p. What is the units digit of p?
5
Let z = -31721 - -57160. What is the units digit of z?
9
Suppose 3*p = -3*c + 8*c + 52, -5*p = 2*c - 4. Let j be (4/c)/((-2)/48). What is the tens digit of (2 + (-1)/2)*j?
1
Suppose -1 + 7 = 3*d + 4*f, -4*d + 8 = 3*f. What is the units digit of ((-1)/d)/(31/(-25978))?
9
Let j(u) = -2928*u + 5074. What is the thousands digit of j(-6)?
2
What is the thousands digit of (-2)/(-29) + (-130324950)/(-2610)?
9
Let h(v) = v**3 - 4*v**2 + v + 9. Let l be h(3). Suppose 7 + 8 = l*a. What is the units digit of 1*-2 - (a*-25)/5?
3
Suppose -13*b + 12*b = -4*f - 3192, -2*f - 15888 = -5*b. What is the thousands digit of b?
3
Suppose -4*n + m = -0 - 34, 26 = 4*n - 5*m. Let c(r) = 3*r - 2. Let q be c(1). What is the units digit of 37 - (0 + q)/((-3)/n)?
0
Suppose -5331*c + 5275*c = -399784. What is the h